010002220
2c9 (base 13) to base 12
35b
10136 (base 7) to base 15
b02
Convert -101111001011000 (base 2) to base 15.
-7252
Convert -2331122 (base 4) to base 5.
-341442
35344 (base 6) to base 8
11760
What is -10253 (base 6) in base 7?
-4041
What is 5f39 (base 16) in base 2?
101111100111001
What is 1011100111 (base 2) in base 14?
3b1
646 (base 15) to base 6
10320
260 (base 14) to base 6
2112
What is -101100110011 (base 2) in base 12?
-17ab
What is -2126 (base 10) in base 7?
-6125
What is 10101211 (base 3) in base 12?
1527
What is 2614 (base 9) in base 4?
132211
-2331 (base 5) to base 13
-203
35c (base 13) to base 9
718
Convert -17ddc (base 14) to base 2.
-1110101111001110
100001111110101 (base 2) to base 11
12086
What is 5402 (base 7) in base 8?
3571
Convert -461 (base 8) to base 13.
-1a6
Convert -7489 (base 11) to base 14.
-3870
What is 8e (base 15) in base 16?
86
1036 (base 13) to base 4
203002
Convert -62dd (base 15) to base 10.
-20908
Convert -97 (base 16) to base 10.
-151
2940 (base 10) to base 4
231330
Convert 2306 (base 7) to base 4.
31013
What is 2020212120 (base 3) in base 10?
44376
12321202 (base 4) to base 2
110111001100010
Convert -11110111111 (base 2) to base 5.
-30413
3303442 (base 5) to base 6
1114415
Convert -77d (base 15) to base 9.
-2281
-13323 (base 4) to base 7
-1323
What is 4006 (base 14) in base 3?
120001202
What is 986 (base 10) in base 5?
12421
5264 (base 16) to base 7
115331
What is -776 (base 8) in base 7?
-1326
What is 140 (base 12) in base 10?
192
Convert 233 (base 10) to base 16.
e9
Convert 35455 (base 6) to base 14.
1c39
373 (base 11) to base 14
239
6bc (base 13) to base 14
5d7
-11635 (base 12) to base 14
-8733
What is 14033 (base 5) in base 14?
5b9
Convert -3dd0 (base 16) to base 9.
-23632
What is -29c (base 14) in base 16?
-212
What is 831 (base 10) in base 9?
1123
What is -35d4 (base 14) in base 3?
-110220002
Convert -12230 (base 4) to base 13.
-26c
What is 428 (base 13) in base 15?
325
Convert 50a5 (base 12) to base 14.
32a1
What is -422 (base 16) in base 2?
-10000100010
What is 13212 (base 5) in base 11?
881
Convert 1012 (base 7) to base 3.
111001
-559 (base 10) to base 3
-202201
9754 (base 13) to base 5
1133100
Convert 3213 (base 4) to base 7.
450
Convert 54911 (base 10) to base 7.
316043
-5 (base 12) to base 3
-12
What is -1110001 (base 2) in base 7?
-221
What is -42221 (base 6) in base 15?
-1a51
What is -44c (base 15) in base 9?
-1300
102222 (base 5) to base 12
1ba5
Convert 820 (base 12) to base 10.
1176
Convert 283aa (base 11) to base 16.
9ddd
Convert 2c45 (base 13) to base 12.
38bb
-450 (base 9) to base 4
-11301
Convert 20120201 (base 3) to base 16.
12be
Convert 1852 (base 12) to base 10.
2942
-9d (base 16) to base 8
-235
-10001110101111 (base 2) to base 9
-13470
Convert -19205 (base 11) to base 3.
-1100212002
Convert 2ea (base 16) to base 15.
34b
Convert 210242 (base 5) to base 9.
10468
-3170 (base 15) to base 5
-313310
14b79 (base 12) to base 8
71215
-2031 (base 5) to base 11
-222
What is 211122 (base 3) in base 15?
2ab
What is -8db (base 15) in base 10?
-2006
Convert 145233 (base 6) to base 7.
56130
Convert -101000111000 (base 2) to base 9.
-3526
What is -3047 (base 8) in base 13?
-942
What is 1717 (base 11) in base 3?
10000100
-1103032 (base 4) to base 6
-40354
What is -21430 (base 5) in base 14?
-786
Convert -24233 (base 5) to base 6.
-12230
What is eda6 (base 16) in base 15?
1305d
-128c (base 16) to base 7
-16562
-3501 (base 7) to base 2
-10011111011
8a (base 13) to base 3
11020
What is 1043a (base 12) in base 15?
64dd
Convert 3305 (base 8) to base 3.
2101012
-1711 (base 14) to base 10
-4131
Convert -1311441 (base 6) to base 2.
-10001011111110001
-30132 (base 4) to base 2
-1100011110
-1510 (base 8) to base 15
-3b0
Convert -3414041 (base 5) to base 13.
-21716
What is -1001003 (base 4) in base 11?
-3145
What is -53156 (base 7) in base 2?
-11001101000100
5307 (base 9) to base 3
12100021
-231110 (base 4) to base 5
-43100
Convert 110000110 (base 2) to base 6.
1450
18394 (base 10) to base 9
27207
Convert 406 (base 8) to base 13.
172
170 (base 12) to base 5
1403
What is 549 (base 13) in base 2?
1110001010
Convert -198a (base 15) to base 3.
-21120211
801 (base 9) to base 10
649
-1140 (base 9) to base 14
-446
What is 626 (base 12) in base 6?
4050
What is 2743 (base 9) in base 6?
13320
What is -360 (base 10) in base 2?
-101101000
What is -101101101011000 (base 2) in base 16?
-5b58
Convert -11634 (base 7) to base 16.
-bf7
What is 3b89b (base 12) in base 3?
11012011002
What is -13ad (base 16) in base 3?
-20220120
102202210 (base 4) to base 14
1d964
21511 (base 8) to base 13
415b
What is a66 (base 14) in base 10?
2050
What is 48b (base 13) in base 11?
65a
What is -432 (base 11) in base 15?
-249
What is -ae0 (base 16) in base 2?
-101011100000
Convert -2100 (base 6) to base 15.
-213
Convert -2e7 (base 16) to base 5.
-10433
Convert -17127 (base 8) to base 2.
-1111001010111
Convert 55c1 (base 14) to base 13.
69ca
Convert 771 (base 12) to base 7.
3121
Convert 25329 (base 12) to base 11.
34aaa
Convert -3142 (base 7) to base 12.
-784
-3938 (base 14) to base 12
-5992
What is -112335 (base 6) in base 13?
-4502
What is -10100100011 (base 2) in base 16?
-523
318 (base 12) to base 15
202
Convert -35230 (base 6) to base 13.
-23c1
Convert -140104 (base 5) to base 2.
-1011000010110
What is 110000100100 (base 2) in base 3?
11021010
Convert 12a0 (base 13) to base 7.
10525
-99 (base 16) to base 14
-ad
Convert -30a (base 16) to base 4.
-30022
31200 (base 5) to base 8
4002
Convert -30231011 (base 4) to base 9.
-78338
What is 2123131 (base 5) in base 7?
210035
Convert -2233 (base 4) to base 14.
-c7
-1102210001 (base 3) to base 6
-334514
Convert 6a9e (base 16) to base 10.
27294
Convert -116000 (base 7) to base 8.
-51422
1042 (base 16) to base 10
4162
What is -1864 (base 10) in base 16?
-748
What is -3c2 (base 15) in base 14?
-453
13353 (base 8) to base 2
1011011101011
Convert -443231 (base 5) to base 15.
-4896
What is 142320 (base 5) in base 12?
3548
Convert -1404 (base 5) to base 15.
-104
What is 1271 (base 8) in base 4?
22321
262 (base 11) to base 14
182
-210201 (base 5) to base 15
-20bb
-202121 (base 3) to base 6
-2324
Convert -4707 (base 9) to base 13.
-1786
What is 819 (base 10) in base 13?
4b0
-2055 (base 7) to base 9
-886
What is -455 (base 7) in base 8?
-354
214 (base 12) to base 6
1224
-63201 (base 8) to base 11
-18796
What is -14440 (base 5) in base 14?
-64d
-2055 (base 6) to base 15
-212
Convert -101121 (base 4) to base 11.
-922
What is 2ce (base 16) in base 3?
222121
Convert -231224 (base 7) to base 9.
-62552
Convert 111001011 (base 2) to base 3.
122000
What is -33bd (base 14) in base 12?
-524b
1505 (base 6) to base 4
12101
What is 130 (base 14) in base 8?
356
Convert 550453 (base 6) to base 4.
23013201
What is 37a8 (base 11) in base 4?
1031132
What is -1a91 (base 11) in base 6?
-20121
What is -1961 (base 10) in base 13?
-b7b
aa0 (base 12) to base 9
2123
-20218 (base 11) to base 5
-1421133
-1011011 (base 2) to base 7
-160
Convert 10201001 (base 3) to base 13.
12ca
What is 650 (base 10) in base 5?
10100
-1103520 (base 6) to base 16
-d7e8
What is 2c7 (base 13) in base 7?
1314
Convert -1040252 (base 6) to base 14.
-14d04
Convert 9c07 (base 13) to base 5.
1144213
-4dd1 (base 16) to base 10
-19921
What is -881a (base 14) in base 6?
-301000
Convert -3c5 (base 16) to base 5.
-12330
Convert -23122 (base 4) to base 15.
-33a
-17c4 (base 13) to base 11
-2729
-10000120 (base 3) to base 9
-3016
What is 16112 (base 8) in base 10?
7242
What is -130 (base 9) in base 4?
-1230
Convert -24837 (base 11) to base 7.
-205555
What is -1a1 (base 13) in base 7?
-606
Convert -23125 (base 7) to base 13.
-28ba
Convert -9853 (base 11) to base 5.
-404010
What is -11002 (base 5) in base 9?
-1025
What is -164626 (base 7) in base 16?
-8083
Convert -445 (base 6) to base 11.
-148
Convert -29b7 (base 13) to base 3.
-22022122
-414 (base 6) to base 4
-2122
3066 (base 13) to base 15
1ea0
18a34 (base 11) to base 3
1100101211
Convert -2d31 (base 14) to base 11.
-6085
Convert -3909 (base 12) to base 9.
-8810
-b23 (base 15) to base 7
-10212
What is -872 (base 10) in base 8?
-1550
What is -438 (base 12) in base 3?
-211222
-406 (base 8) to base 14
-14a
-1380 (base 